+ 18 + -20 + 9
-6
Evaluate 1 - (3 + -9 + 3).
4
What is -8 + 0 + (3 - -7)?
2
What is (1 - -4 - 2) + -8 + 0?
-5
What is -6 - (-3 + 8 + -8 - -4)?
-7
What is 39 + -40 - (1 + (0 - -2))?
-4
What is the value of 5 + -3 - (-2 + 3 + -3)?
4
Calculate 5 + (8 - (15 + -2)).
0
3 + -1 + 5 - (-1 - -3)
5
What is (5 + (-3 - 0) - 0) + -7?
-5
Calculate -2 - (-3 - -2 - -3).
-4
Calculate 9 + (-1 - 5) - (2 - 3).
4
What is the value of 5 + 0 + (-5 - -3) + 0?
3
What is 0 - -5 - (-16 - (-14 + 0))?
7
5 - 2 - -1 - (2 - -1)
1
Evaluate -11 - ((-3 - 7) + -4).
3
Calculate -2 - -3 - (1 + 4).
-4
Evaluate -3 + -1 + -2 - -10.
4
What is 4 + -8 - -14 - 13?
-3
Calculate (-9 - -4) + -3 + 4.
-4
What is the value of 48 + -45 + (1 - (-3 - -8))?
-1
What is the value of 1 - (7 + -4 + -7)?
5
Evaluate (0 - (2 - (2 - 0))) + -6.
-6
Calculate 2 + -4 - (3 - 1).
-4
1 + -7 + -2 + (-1 - -6)
-3
What is (8 - 10) + 0 + 1 + 0?
-1
Calculate 14 + (0 - -9) + -20.
3
Calculate 2 - (1 - (4 + -3)).
2
-17 + 15 + (5 + -3 - 3)
-3
What is the value of 3 + -5 + 4 - 3?
-1
-1 + -2 + 0 + 10 + -9
-2
-4 + -2 + 2 + 10
6
Calculate -22 + 12 + (-1 - 0 - -2).
-9
3 - (-2 + 15 - 2)
-8
(8 - (-9 + 12)) + 2 + -15
-8
-1 + (-8 - 4) - -7
-6
What is (-1 - (2 - -7 - 2)) + 8?
0
Evaluate -8 + (12 + -5 - 8).
-9
5 + (-1 + -2 - -1 - -1)
4
What is -2 + -2 + (-3 - -1) - -2?
-4
What is the value of -16 + 17 - (5 + 0)?
-4
What is the value of 3 + 1 + 15 + -18?
1
Evaluate 6 + -1 + -4 + 13 + -6.
8
What is the value of 7 - (-1 - -13) - -7?
2
3 + (-16 - (8 - 16))
-5
What is -9 - (-2 + -7 + 1)?
-1
Evaluate 6 + (-6 - (1 - 3)).
2
Evaluate 2 - (4 - 4 - -1).
1
What is the value of (1 - 2 - (-2 + -2)) + 2?
5
Calculate 17 + -7 + (-2 - 6 - -8).
10
What is the value of (-4 - (3 + -9)) + -5?
-3
What is the value of -10 + (-6 + -4 - -13)?
-7
-10 - (8 + -4 + -15)
1
What is -8 - ((-2 - 5) + 2 - -2)?
-5
What is the value of (-6 - (16 + -13)) + 4?
-5
What is 5 + -7 + 2 + -1 + -4?
-5
Evaluate 15 + -11 + (2 - 11).
-5
Evaluate 0 - 12 - (-129 + 124).
-7
-6 + 1 + 4 + -1 + 2
0
What is (-2 + 2 - 2) + (12 - 5)?
5
Calculate 0 + -9 + (4 - -1) + 7.
3
-1 + 0 + -3 + (8 - 6)
-2
3 + (1 - -6) - 5
5
-31 + 27 - (-1 + 6 + -2)
-7
What is 5 + -7 + -3 + 4 + 4?
3
Evaluate -1 + 6 - (28 + -26).
3
What is the value of -17 + 18 - (6 + 1 - 2)?
-4
2 + (-8 - -1) + 0 - -10
5
Evaluate 2 + -13 + 10 + 0 + -5.
-6
Calculate 38 + -39 - (1 + -3).
1
What is -1 - (5 + (3 - 3 - 8))?
2
What is the value of 3 + -2 + -3 - -7?
5
Evaluate -1 - (-2 + 3) - -4.
2
Evaluate 9 + -1 - (3 - -3).
2
Calculate 10 + (-4 - 6) + 5.
5
What is the value of (-5 - (-4 - -4)) + 6?
1
What is 3 + -2 + -5 + 8?
4
Calculate -10 + -10 + 19 + (1 - 8).
-8
2 - (-4 - -8 - 5) - 6
-3
What is 5 + -1 + -31 + 23?
-4
What is the value of 1 - (5 + 1 + -3)?
-2
Calculate -2 + 6 + (-12 - -5).
-3
Evaluate -3 + (12 - 7) - (5 - 1).
-2
1 - (8 - (-7 - -10))
-4
(6 - (2 + 0)) + -13 + 6
-3
Evaluate 7 + -15 - (-2 - 2).
-4
What is 0 + -1 - (38 + -41)?
2
Calculate 1 - 5 - -10 - (-1 + 6).
1
Evaluate (-2 - 4) + 6 + -4.
-4
Calculate -5 + (-9 - -6) - (10 + -15).
-3
11 - (0 - (1 + -14 + 7))
5
What is the value of (3 + 0 - (-2 - -4)) + -6?
-5
-4 + 2 - (5 + -4 - 4)
1
What is the value of 4 + -12 + 10 + -3?
-1
Evaluate 5 + 7 + 13 + -17.
8
What is the value of (26 + -26 - (1 + -2)) + -5?
-4
-6 + 1 + 10 - (3 - -7)
-5
What is the value of -8 + (2 - 11 - -25)?
8
Evaluate 4 + -2 + -1 + -6.
-5
Calculate 2 + (-2 - (-2 - -3 - 4)).
3
(-6 - (2 - (-3 - -5))) + 4
-2
What is the value of (-3 - -5) + -7 + 8?
3
What is -2 - (7 + -12 - (-2 - -1))?
2
Calculate 4 + -4 + 1 + -2 + -4.
-5
Evaluate -16 + -8 + 20 + 0 + 4.
0
What is the value of -15 + 9 + -7 + 20?
7
What is 4 - (3 - (-8 + 1))?
-6
Evaluate -3 + 1 + 2 - (0 - -2).
-2
What is -10 + -5 + -3 + 10?
-8
What is the value of -3 + (4 - -2) + (2 - 6)?
-1
What is the value of 3 + 1 + (5 - 10)?
-1
Calculate 6 + (-3 - 2) + 3 + 0.
4
-2 - 1 - 5 - -3 - -9
4
Calculate -6 - (-3 + (-14 - -12)).
-1
What is 2 + (-4 - -3) + 0 + 4?
5
Evaluate (-4 - (-15 - -6)) + -3 + 1.
3
What is the value of (-1 - -1) + (-56 - -59)?
3
What is the value of 0 + (-3 - 4) + (0 - -2)?
-5
What is 6 + (7 - (10 + 0))?
3
Evaluate (-5 - (7 - 13 - -2)) + 8.
7
What is the value of (2 - -3) + -2 + -4?
-1
Evaluate -2 - 6 - (-14 - -10).
-4
What is the value of 4 + -2 + 2 - -3 - 3?
4
What is the value of 7 + 0 - (18 + -13) - -2?
4
Evaluate 1 + -17 - -14 - (7 - 1).
-8
Evaluate -9 - -9 - -1 - -4.
5
Calculate (1 - 3) + (4 - (-1 + 6)).
-3
-5 - (22 + -9 + -7)
-11
(2 - (3 + 1)) + (6 - 1)
3
What is the value of 6 - (5 + (0 - 0))?
1
What is the value of 1 + -6 + (-5 - -3 - -1)?
-6
Calculate -2 + 5 + -1 + -1 + 5.
6
What is the value of 9 - (-9 - (8 + -22))?
4
Evaluate 19 + -20 - (-3 + 3).
-1
What is -1 - (-5 - -3 - -7) - -10?
4
Calculate 2 + -1 - (-4 + (-2 - -12)).
-5
Evaluate 11 - (3 - (-2 + -1)).
5
Evaluate -11 - (3 + 4 + -26).
8
What is the value of -2 + 2 + (-4 - -5) + -1?
0
5 - (-1 - (-4 - 1))
1
2 + 0 - (6 - 2)
-2
-12 - (0 - (3 + 3 - 1))
-7
What is 0 + 3 - 4 - 4?
-5
Calculate 35 + -30 + -1 + 0.
4
Calculate 5 - -3 - (11 - 7).
4
What is the value of 1 + (-7 - -1) + -17 + 16?
-6
Calculate 2 + (1 - 0) - (0 + 4).
-1
What is the value of -1 - 2 - (-1 - (-3 - -2))?
-3
What is -6 - (3 - 7 - -2) - -3?
-1
What is (2 - 11) + (32 - 20)?
3
What is the value of -3 + (10 - 6) - (-2 + -1)?
4
Calculate 2 + 7 + -6 + 1 + 0.
4
What is 12 - (14 + 6 - 7)?
-1
Calculate -5 + (-4 - -2) - -1 - -3.
-3
Calculate -1 - (-7 + 1 + 9).
-4
What is the value of -5 + 11 + 5 - 11?
0
What is the value of 15 + -9 + -4 + -2?
0
What is the value of 7 - (3 - (-7 + 4))?
1
Evaluate -1 + -2 + (0 - -4).
1
Calculate (-8 - -9) + (-4 - -1).
-2
What is 2 - (11 - (-4 + 11))?
-2
What is the value of -6 - ((-4 - (5 + 0)) + 0)?
3
Calculate 0 + (2 - 1) + (2 - 4).
-1
Evaluate (18 - (-4 - -13)) + -12.
-3
Calculate (53 - 54) + (1 - 9).
-9
What is the value of (-7 - -9 - (-1 - -1)) + -4?
-2
What is the value of 7 + 4 + -5 + -3?
3
What is 0 - -2 - (1 - 9) - 5?
5
What is the value of -3 - ((-6 - (4 - 0)) + 3)?
4
What is -96 + 99 - (-1 - -6 - 0)?
-2
Calculate -7 - 0 - (1 + -2).
-6
What is the value of 1 - (3 - 2) - 2?
-2
What is -4 + 8 + -4 + -2?
-2
What is 7 - (3 - 3) - 10?
-3
What is the value of 4 + (-6 + 4 - (0 + -1))?
3
Evaluate 7 + -4 + 11 + -13.
1
Evaluate 4 + 7 + -4 - 4.
3
Calculate -4 + (-4 - -7 - (-1 + 6)).
-6
What is -1 - (-2 + -1 - (-20 - -17))?
-1
Evaluate 12 - (-16 - -31) - (-1 + -1).
-1
Calculate (0 - (7 - 5)) + 0.
-2
What is the value of (-10 + 4 - -1 - 0) + 0?
-5
Evaluate 6 + -3 - (-6 - (-6 + 0)).
3
0 - 7 - (7 - (10 + -2))
-6
What is 4 + (-3 + 2 - -2)?
5
Calculate -1 - (-5 + 6 - (1 - -4)).
3
What is the value of (-9 - 0) + 4 + -1 + 4?
-2
What is -5 + (4 - 4) + 6?
1
Evaluate (-23 - (-6 - 5)) + 5.
-7
What is the value of -1 + 9 + 24 + -32?
0
Evaluate -10 + 1 + 6 + (3 - 0).
0
What is the value of 5 + -2 - (8 + (-4 - -1))?
-2
What is the value of -4 - (-4 + (2 - 0)) - -3?
1
-4 - (7 + -14) - (6 + 1)
-4
Evaluate 7 + -26 + 2 + 9.
-8
What is the value of 1 - ((-6 - 2) + 5)?
4
What is (-4 - -4) + 0 + -3?
-3
Evaluate 12 + -29 + 11 + (0 - -6).
0
9 + (-1 - 8) + -1
-1
(3 - 5) + 1 - (27 + -32)
4
Evaluate 4 + 5 - 8 - -4.
5
Evaluate 4 + (-4 - (-5 + 1)) + -4.
0
1 - -5 - 10 - -9
5
What is the value of 0 + 9 + -5 - 5?
-1
Calculate -5 + 10 + -7 - (-2 + 0).
0
Calculate -1 + 9 + (52 - 55).
5
What is the value of 2 - (8 - (3 + 0 + -1))?
-4
Evaluate (-2 - -11) + -1 + (-4 - -1).
5
Evaluate 2 - (4 - (-6 + 4)).
-4
What is the value of 3 + 2 + 10 + -18?
-3
Calculate 1 + -6 + -1 + 10.
4
Evaluate -5 - -5 - ((0 - 0) + 3).
-3
Evaluate (-2 - 0 - -2 - 3) + -1.
-4
Evaluate 3 + -1 - (-18 + (12 - -11)).
-3
What is -3 - (-2 - (4 + (-7 - -3)))?
-1
What is 3 + (2 - -2) + (1 - 11)?
-3
Calculate -5 - ((-17 - -6) + 0 + 3).
3
Evaluate -3 + 2 + 2 - 13 - -5.
-7
Calculate 7 + (-2 - -1) + 10 + -16.
0
1 + -1 - (16 - 12)
-4
Calculate (3 - 5 - 0) + -5 + 4.
-3
What is -10 + -1 + 15 + -2?
2
0 + (-8 - -4) + 1 - -1
-2
What is the value of 5 + (4 - 5 - 2) + 0?
2
1 + (-2 - 11) + 5
-7
Calculate (18 - 15) + 0 + 0.
3
Evaluate -3 - (-5 + 1 - 3).
4
What is the value of (-5 - -3 - -2) + (-22 - -21)?
-1
Calculate -2 + (3 - 2) + -4.
-5
Calculate 7 + (-12 - -12) + -11.
-4
What is (9 + -4 - 10) + 8?
3
Calculate -11 + (6 - (-7 - -8)).
-6
Evaluate -3 + 11 + -5 + (1 - 2).
2
Calculate -